me factors of p?
7, 191
Let u be 2/(-23) - 564/(-138). Suppose -4*c = 4*h - 5*c - 736, h = -u*c + 201. List the prime factors of h.
5, 37
Let a = 941 + -491. Let z = 1043 - a. List the prime factors of z.
593
Let c(v) = -3*v**2 - 7*v - 6. Let z(m) = m**2 + m. Let b(r) = -c(r) - 2*z(r). List the prime factors of b(-18).
2, 3, 5
Suppose 0 = -u - 3*u + 8. Suppose -6*n + u*n = 2*b - 1324, b = 5*n - 1662. Let z = n + -165. List the prime factors of z.
167
Let h = -33 - 10. Let c = 160 - h. List the prime factors of c.
7, 29
Suppose 32*s = -144079 + 1305515 + 942020. What are the prime factors of s?
3, 21911
Let p = 522 + -517. Suppose -p*k + 5*n = -2800, -k + 1672 = 2*k - n. List the prime factors of k.
2, 139
Suppose 0*c - 180 = 2*c. Suppose -2 = 10*o - 1552. Let d = o + c. List the prime factors of d.
5, 13
Let o(f) = f**2 - 3*f - 17. Suppose 2*b + 14 = 16. Suppose 5*d = -15, -5*d + b = -3*h - 5. List the prime factors of o(h).
53
Suppose 16714 = -21*d - 13190. Let k = d - -2946. List the prime factors of k.
2, 761
Let n be ((-290)/(-45))/((-4)/(-18)). Let v(r) = 5*r**2 - 83*r + 58. What are the prime factors of v(n)?
2, 29
Let v(n) = n**2 - 64*n**3 - 48*n**3 - n + 35*n**3 - 2. Suppose 0 = -4*h + 2*h - 5*x - 27, 0 = 3*h + 2*x + 13. List the prime factors of v(h).
7, 11
List the prime factors of (-2)/(-3)*16386417/474.
19, 1213
Suppose 104*v - 96*v = 36960. Suppose 11*j = 17*j - v. What are the prime factors of j?
2, 5, 7, 11
Suppose 4*r - 2*a = -r + 135039, -5*a = 35. What are the prime factors of r?
5, 11, 491
Let u be 1/2*(-24)/(-3). Suppose 5*t - w + 4*w = 35, -4*w = -2*t - 12. What are the prime factors of 138/(u + (-13)/t)?
2, 23
Let g(p) be the first derivative of p**3/3 - 23*p**2/2 + 32*p - 20. Let j be g(21). List the prime factors of j*(46/(-4) + 1).
3, 5, 7
Let p(h) = -h**3 + 20*h**2 - 13*h + 50. Suppose -4*i - 32 + 86 = -2*m, 5*i - 5*m = 75. What are the prime factors of p(i)?
2, 523
Suppose -10 + 15 = 5*i. Let z = 27 - i. Suppose -z*m + 50 = -24*m. What are the prime factors of m?
5
Let a be (320/14)/2 - 39/91. Suppose 6*z - 3821 = -3*g + a*z, -4*z - 1276 = -g. List the prime factors of g.
2, 3, 53
Suppose -12*k + 14*k = 0. Let s = 229 - 66. Suppose k = -2*t + t - 5*p + s, 3*p + 537 = 4*t. What are the prime factors of t?
2, 3, 23
Suppose 0 = -4*l + z + 163, 10*z = -l + 12*z + 46. Suppose l*h - 31*h - 5373 = 0. What are the prime factors of h?
3, 199
Let z be 5*1 - (-9 - (-14)/1). Suppose -5*d + 2106 + 4922 = 2*h, d - 4*h - 1388 = z. List the prime factors of d.
2, 3, 13
List the prime factors of 584*(11 + (-696)/64).
73
Suppose 0 = 37*z - 14735 - 630064. What are the prime factors of z?
3, 37, 157
Suppose -34 = -8*j + 5*j - 4*g, 3*j - g = 29. Suppose -560 = -j*l - 0*l. What are the prime factors of l?
2, 7
Suppose -3*g = -3*l, -3*l + 1 = -4*g + 4. Suppose 11*m = 18*m - 98. Suppose -15 = -l*p, 0*w = -w + 2*p + m. What are the prime factors of w?
2, 3
Suppose 0 - 16 = -4*r - 4*h, 4*h = -5*r + 20. Suppose 0 = 4*o + r - 12. Suppose 2*k = 6, -o*n - 7*k + 231 = -2*k. What are the prime factors of n?
2, 3
Let i(b) = -2*b - b**3 + b - 4 - 2*b - 4 - 2*b**2. Let c = 93 + -98. List the prime factors of i(c).
2, 41
Let t be (16 - 1)*(-16)/(-12). Let y = -17 + t. Suppose 0 = 2*w - m + y*m - 34, -w + 22 = 2*m. What are the prime factors of w?
2, 3
Suppose 379 = -6*g + 2353. Let v = 7 + g. List the prime factors of v.
2, 3, 7
Suppose -3*x = -5*s + 300555, 120221 = 2*s + 53*x - 54*x. List the prime factors of s.
2, 3, 5009
Suppose -11*t + 15626 + 6594 = 0. Suppose -12489 = -19*l - t. List the prime factors of l.
19, 29
Let k(u) = 1433*u - 4314. What are the prime factors of k(30)?
2, 3, 11, 293
Let y(o) = 7126*o + 534. List the prime factors of y(5).
2, 9041
Suppose 4 = -3*v + 22. Let r = v - 0. List the prime factors of (-5)/(-60)*r*(-1 + 187).
3, 31
Suppose -5*u + 21497 = 2*v, 0 = -8*u + 5*u + 2*v + 12895. Suppose -7*h + u + 482 = 0. List the prime factors of h.
683
Let m(w) = w + 12. Let f be m(-7). Let r = f + -14. Let i(g) = -15*g - 27. List the prime factors of i(r).
2, 3
Suppose 472*o - 40530 = -472*o + 923*o. List the prime factors of o.
2, 5, 193
Let u be (-1)/((-2)/14)*5. Let m be ((-14)/u + 12/5)*5. Suppose m*c + 712 = 18*c. What are the prime factors of c?
89
Let m = -3303 - -8148. What are the prime factors of m?
3, 5, 17, 19
Let x(t) = -4 - 4 - 3 + 2*t. Let i be x(7). Suppose i*m - 30 = 6. What are the prime factors of m?
2, 3
Let u be ((-142)/(-639))/(2/36). Let y(k) = 72*k**2 + 8*k - 19. What are the prime factors of y(u)?
5, 233
Suppose -l + 11 = c, -8*c + 9*c + 5*l - 23 = 0. List the prime factors of 0 - (-6)/c - 73457/(-68).
23, 47
Let g = 298 + 100. Suppose g = 6*f - 688. List the prime factors of f.
181
Suppose -4*s - 1 = -9. Suppose s*t = 5*v - 3199, -4*v + 4*t = -1965 - 599. Suppose -7*g = -16*g + v. What are the prime factors of g?
71
Let j(a) = 201*a + 241. Let c be j(2). Let r = 1 + 2. Suppose 5*v - c = -2*f + 77, -5*v + r*f + 695 = 0. List the prime factors of v.
2, 71
Let h be (45/(-10) + 4)/(2/(-24)). Let r(s) = 116*s - 83. List the prime factors of r(h).
613
Let t(c) = c**2 - 16*c + 27. Suppose 0 = 12*j - 21*j - 81. What are the prime factors of t(j)?
2, 3, 7
Let q(v) = 3*v**3 - 1. Let p be q(1). Suppose -p*c + 320 = 3*c. Let x = -36 + c. List the prime factors of x.
2, 7
Let t = 9268 + 5399. What are the prime factors of t?
3, 4889
Let l = 33623 + -9971. List the prime factors of l.
2, 3, 73
Let n(p) = 614 - 5*p - 647 + 302*p**2 - 8*p - 3*p. What are the prime factors of n(-2)?
17, 71
Let t = 29279 + -19038. What are the prime factors of t?
7, 11, 19
Let c(v) = -443*v**3 + 2*v**2 + v. Let d be c(-1). Let m be (77/(-14))/((-2)/4). Suppose -m*f + 5*f + d = 0. What are the prime factors of f?
2, 37
Suppose 7*l - 100 = 894. Let u = 86 + l. What are the prime factors of u?
2, 3, 19
Suppose 5*a - p + 0 + 62 = 0, -6 = 2*p. List the prime factors of (-16768)/a - 34/(-221).
2, 3, 5, 43
Suppose 186 - 286 = -4*g. Suppose 12*u = -g*u + 46805. What are the prime factors of u?
5, 11, 23
Let z be (0/2)/(-2 - -1). Suppose g - 95 - 105 = z. Suppose -m - m = -g. List the prime factors of m.
2, 5
Suppose 2*p = -3*k + 11513, 225*k - 220*k = -p + 5774. List the prime factors of p.
5749
Let t = -7 + -1. Let s be 1091/12 + (-109)/(-1308). What are the prime factors of (-10)/((-59)/s + t/(-14))?
2, 5, 13
Suppose 7*g = 6*g + 354. Suppose 9*o - 2604 = -g. List the prime factors of o.
2, 5
Suppose -2*d + 5*j + 0*j = -2660, 4*j = -2*d + 2678. Suppose 2*p - 531 = i, -5*p - i = -5*i - d. Suppose p = 6*b - 175. List the prime factors of b.
73
Let f be (136 + 5 + -2)*2. Suppose -2*h + 2*l = -552, 0*h = -h - l + f. List the prime factors of h.
277
Suppose 4*n = -n, 3*n + 358 = -2*k. Let q = k + 646. Suppose 4*g + 5*i - 400 = 0, -4*g - g + q = -2*i. What are the prime factors of g?
5, 19
Let c = -175 + 176. What are the prime factors of (c + 0)/(7/4767)?
3, 227
Let y(s) be the third derivative of s**5/60 - 17*s**4/24 - 3*s**3/2 + 2*s**2 + 1. Let f be 262/13 - 10/65. List the prime factors of y(f).
3, 17
Let y(l) = -79*l**3 + 6*l - 21. What are the prime factors of y(-3)?
2, 3, 349
Let k(l) = 729*l**3 + 6*l - 4. Let s be k(1). Let a = s + -233. What are the prime factors of a?
2, 3, 83
Suppose -24 + 4 = -4*i. Suppose 1513 = i*d + v, 297 = 5*d - 4*d + 3*v. What are the prime factors of d*(-7 - -8) + (0 - -1)?
2, 19
Suppose -94679 = 22*u - 148394 - 125607. What are the prime factors of u?
3, 11, 13, 19
Let b(d) = -1288*d - 1223. What are the prime factors of b(-6)?
5, 1301
Let u be 3/(-6) - 55/10. Let x(p) = -p**3 - 5*p**2 + 19. Let o be x(u). Let n = 132 - o. List the prime factors of n.
7, 11
Let b(u) = 19*u**2 + 0*u + 4*u + 12 - 24*u**3 + 26*u**3 + u**2. What are the prime factors of b(-9)?
2, 3, 23
Let s(c) = -99*c + 72. Let q be s(14). Let f = q - -1948. What are the prime factors of f?
2, 317
Let q(s) = 2*s**3 + 66*s**2 + 25*s - 40. What are the prime factors of q(-20)?
2, 5, 17, 29
Let t(c) = -17*c**3 - 5*c**2 + 4*c - 25. Let r be t(-6). Let g = r + -2054. What are the prime factors of g?
3, 463
What are the prime factors of -16 + 5 + -4 + 32327?
2, 7, 577
Suppose 0 = 5*t - 5*m - 40, 2*t - m - 18 = -0*t. Let z be (-4 - 25 - 0)*-1. Let w = t + 